en 43 is divided by 26?
17
Calculate the remainder when 171 is divided by 38.
19
What is the remainder when 1248 is divided by 158?
142
Calculate the remainder when 92 is divided by 52.
40
What is the remainder when 1331 is divided by 89?
85
Calculate the remainder when 239 is divided by 153.
86
What is the remainder when 113 is divided by 27?
5
Calculate the remainder when 582 is divided by 53.
52
What is the remainder when 990 is divided by 31?
29
Calculate the remainder when 235 is divided by 65.
40
Calculate the remainder when 431 is divided by 36.
35
What is the remainder when 3794 is divided by 99?
32
Calculate the remainder when 32759 is divided by 156.
155
Calculate the remainder when 903 is divided by 204.
87
Calculate the remainder when 108 is divided by 15.
3
Calculate the remainder when 2410 is divided by 47.
13
What is the remainder when 191 is divided by 32?
31
What is the remainder when 255 is divided by 62?
7
What is the remainder when 623 is divided by 49?
35
Calculate the remainder when 4258 is divided by 26.
20
Calculate the remainder when 179 is divided by 14.
11
Calculate the remainder when 457 is divided by 226.
5
What is the remainder when 245 is divided by 122?
1
Calculate the remainder when 7917 is divided by 17.
12
What is the remainder when 5402 is divided by 50?
2
Calculate the remainder when 994 is divided by 478.
38
Calculate the remainder when 290 is divided by 1.
0
Calculate the remainder when 15 is divided by 9.
6
What is the remainder when 83 is divided by 51?
32
Calculate the remainder when 19 is divided by 18.
1
What is the remainder when 13 is divided by 11?
2
What is the remainder when 613 is divided by 203?
4
Calculate the remainder when 59879 is divided by 120.
119
What is the remainder when 4192 is divided by 18?
16
What is the remainder when 205 is divided by 23?
21
Calculate the remainder when 31 is divided by 7.
3
Calculate the remainder when 647 is divided by 158.
15
Calculate the remainder when 3418 is divided by 90.
88
Calculate the remainder when 52 is divided by 5.
2
Calculate the remainder when 350 is divided by 27.
26
Calculate the remainder when 297 is divided by 60.
57
What is the remainder when 72 is divided by 19?
15
Calculate the remainder when 125 is divided by 51.
23
Calculate the remainder when 587 is divided by 46.
35
Calculate the remainder when 539 is divided by 102.
29
What is the remainder when 478 is divided by 117?
10
What is the remainder when 60 is divided by 7?
4
Calculate the remainder when 394 is divided by 132.
130
What is the remainder when 138 is divided by 34?
2
What is the remainder when 2376 is divided by 18?
0
Calculate the remainder when 181 is divided by 77.
27
What is the remainder when 1679 is divided by 40?
39
What is the remainder when 944 is divided by 66?
20
What is the remainder when 1451 is divided by 197?
72
Calculate the remainder when 403 is divided by 41.
34
What is the remainder when 213 is divided by 96?
21
Calculate the remainder when 190 is divided by 4.
2
What is the remainder when 1449 is divided by 51?
21
What is the remainder when 2157 is divided by 98?
1
Calculate the remainder when 296 is divided by 162.
134
What is the remainder when 1249 is divided by 154?
17
Calculate the remainder when 107 is divided by 27.
26
What is the remainder when 233 is divided by 17?
12
What is the remainder when 2018 is divided by 43?
40
Calculate the remainder when 63 is divided by 6.
3
Calculate the remainder when 3725 is divided by 46.
45
What is the remainder when 1691 is divided by 556?
23
What is the remainder when 11134 is divided by 192?
190
What is the remainder when 116 is divided by 52?
12
What is the remainder when 112 is divided by 19?
17
What is the remainder when 796 is divided by 178?
84
Calculate the remainder when 3883 is divided by 23.
19
Calculate the remainder when 12165 is divided by 154.
153
Calculate the remainder when 52 is divided by 9.
7
What is the remainder when 295 is divided by 8?
7
What is the remainder when 246 is divided by 1?
0
What is the remainder when 369 is divided by 92?
1
Calculate the remainder when 461 is divided by 58.
55
What is the remainder when 564 is divided by 21?
18
What is the remainder when 1115 is divided by 43?
40
What is the remainder when 708 is divided by 1?
0
What is the remainder when 3130 is divided by 64?
58
Calculate the remainder when 311 is divided by 152.
7
What is the remainder when 227 is divided by 76?
75
What is the remainder when 1137 is divided by 20?
17
What is the remainder when 118 is divided by 4?
2
Calculate the remainder when 284 is divided by 96.
92
What is the remainder when 68 is divided by 18?
14
Calculate the remainder when 134 is divided by 23.
19
What is the remainder when 442 is divided by 73?
4
Calculate the remainder when 338 is divided by 19.
15
Calculate the remainder when 251 is divided by 71.
38
What is the remainder when 2285 is divided by 11?
8
Calculate the remainder when 1517 is divided by 73.
57
What is the remainder when 683 is divided by 10?
3
What is the remainder when 711 is divided by 22?
7
What is the remainder when 1161 is divided by 290?
1
Calculate the remainder when 479 is divided by 244.
235
What is the remainder when 3308 is divided by 23?
19
Calculate the remainder when 516 is divided by 214.
88
Calculate the remainder when 2621 is divided by 201.
8
What is the remainder when 116 is divided by 17?
14
What is the remainder when 143 is divided by 43?
14
What is the remainder when 390 is divided by 6?
0
Calculate the remainder when 3247 is divided by 13.
10
What is the remainder when 674 is divided by 633?
41
What is the remainder when 103 is divided by 15?
13
What is the remainder when 1176 is divided by 169?
162
Calculate the remainder when 119 is divided by 39.
2
What is the remainder when 116 is divided by 42?
32
What is the remainder when 605 is divided by 66?
11
What is the remainder when 109 is divided by 41?
27
Calculate the remainder when 604 is divided by 68.
60
Calculate the remainder when 54 is divided by 38.
16
Calculate the remainder when 381 is divided by 22.
7
Calculate the remainder when 1959 is divided by 649.
12
What is the remainder when 3972 is divided by 305?
7
What is the remainder when 505 is divided by 17?
12
Calculate the remainder when 619 is divided by 125.
119
Calculate the remainder when 193 is divided by 13.
11
Calculate the remainder when 38 is divided by 8.
6
Calculate the remainder when 5 is divided by 3.
2
Calculate the remainder when 2841 is divided by 14.
13
What is the remainder when 219 is divided by 42?
9
What is the remainder when 570 is divided by 41?
37
What is the remainder when 126 is divided by 26?
22
What is the remainder when 205 is divided by 7?
2
Calculate the remainder when 1346 is divided by 38.
16
What is the remainder when 2255 is divided by 51?
11
Calculate the remainder when 158 is divided by 75.
8
What is the remainder when 11 is divided by 2?
1
What is the remainder when 56 is divided by 16?
8
Calculate the remainder when 88 is divided by 57.
31
What is the remainder when 78 is divided by 8?
6
Calculate the remainder when 16487 is divided by 24.
23
What is the remainder when 82 is divided by 17?
14
Calculate the remainder when 541 is divided by 17.
14
What is the remainder when 725 is divided by 244?
237
What is the remainder when 123 is divided by 19?
9
What is the remainder when 7322 is divided by 99?
95
Calculate the remainder when 383 is divided by 24.
23
What is the remainder when 864 is divided by 13?
6
What is the remainder when 185 is divided by 6?
5
Calculate the remainder when 607 is divided by 7.
5
What is the remainder when 223 is divided by 221?
2
Calculate the remainder when 1611 is divided by 60.
51
Calculate the remainder when 3409 is divided by 55.
54
What is the remainder when 4443 is divided by 35?
33
What is the remainder when 65 is divided by 6?
5
Calculate the remainder when 1209 is divided by 83.
47
What is the remainder when 53 is divided by 5?
3
What is the remainder when 128 is divided by 103?
25
Calculate the remainder when 351 is divided by 86.
7
What is the remainder when 47 is divided by 8?
7
What is the remainder when 466 is divided by 37?
22
Calculate the remainder 